Suppose 8*q + 496 = 1704. What is the units digit of q?
1
Let q(f) = -500*f - 366. What is the tens digit of q(-7)?
3
Let i = 10 - 6. Suppose -w + u = -4*u + 3, -4*u + 12 = i*w. Suppose 50 = w*l - l. What is the tens digit of l?
5
Let r(f) be the second derivative of -1/3*f**3 + 0 + 1/4*f**4 - 9/2*f**2 - 8*f. What is the units digit of r(5)?
6
What is the tens digit of ((-2)/(-1))/(3355/670 + -5)?
6
Let c = 10052 + -5266. What is the thousands digit of c?
4
Suppose 7*d - 5*d - 418 = 0. Suppose -71 = -4*h + d. What is the tens digit of h?
7
Let g = 420 - 162. What is the tens digit of g?
5
Let p(u) = -u**2 - 10*u - 2. Let t be p(8). Let w = t - -198. What is the tens digit of w?
5
Let i be (0 - 5)*-1*1. Suppose f - 514 = -3*l, -i*l - 4*f + 464 = -395. What is the units digit of l?
1
Let s(j) = -j**2 + 16*j + 42. Let p be s(18). What is the units digit of (-3*3/p)/(9/(-348))?
8
Let j = -66 - -36. Let n = 60 + j. What is the units digit of n?
0
Suppose -2*j = -2*o - 3434, -5*j - o + 688 = -7915. What is the tens digit of j?
2
Suppose -l - 2*p + 72 = -0*l, 0 = -5*l - p + 360. Suppose -r = -t - 55, 2*r - 44 = -4*t + l. What is the units digit of r?
6
Suppose 4*r + 3*s = -r - 643, 0 = -3*s + 12. Let h = -91 - r. What is the units digit of h?
0
Suppose -3*b + 4*b = -3*w + 1, 0 = 5*b + 5*w - 15. Let s = 21 + -16. Suppose k - 15 = 3*r - 0, -108 = -s*k + b*r. What is the units digit of k?
4
Let p(k) = k**2 - k - 1. Suppose 2*v - z = 1, -4*z + z - 5 = -4*v. Let a(n) = -6*n**2 + 5*n - 12. Let f(u) = v*a(u) - 5*p(u). What is the tens digit of f(0)?
1
Suppose 15*g + 2154 - 7434 = 0. What is the units digit of g?
2
Let a(t) = 5*t**3 + t**2 + t - 3. Let z(f) = -4*f**3 - 2*f**2 + 2. Let k(l) = -5*a(l) - 6*z(l). Let i be k(4). Suppose -5 + i = r. What is the units digit of r?
6
Let a be (-36)/8*4/(-6). Suppose f - a*f = 2. Let c(g) = -12*g**3 - g**2. What is the units digit of c(f)?
1
Let b(l) = l**2 + 16*l + 20. Let s be b(-15). Suppose -2*h + 88 = -q - 109, s*h + q = 489. What is the units digit of h?
8
Suppose 3 - 2 = t, 3*u + t - 52 = 0. Let j = u - 11. What is the units digit of (35/(-2))/(j/(-12))?
5
Suppose 34 = -4*m - 0*m + 2*y, 5*y + 13 = -4*m. Let g = -1 - m. Suppose -g*z = -2*z - 192. What is the tens digit of z?
4
Let c(o) = o**3 - 5*o**2 - 4*o - 18. Let j be c(6). Let i = -9 - -15. Let m = i - j. What is the tens digit of m?
1
Let w be 83 - (-2 + 0) - 20/(-10). Let j = w + -9. What is the units digit of j?
8
Suppose -60*o - 234360 = -120*o. What is the hundreds digit of o?
9
Let b be (-28)/(-3)*9/3. Suppose 4*l + 110 = 5*h + l, -2*h - 2*l = -b. Let s = h + 12. What is the tens digit of s?
3
Let s = 2 + 13. What is the units digit of 3 - (s - 15)*2/4?
3
Let x(i) = -4*i - 2. Let o be x(-1). Suppose 2*k - 4 = -3*m + 5, -3*k = o*m - 1. Suppose -3*s = -2*j - 4*s + 94, m*s = -j + 47. What is the units digit of j?
7
Let s = 1670 + -514. What is the thousands digit of s?
1
Let v be 15/(-10) + 6/4. Suppose -2*f = -v*f - 132. What is the units digit of f?
6
Suppose -15 = -5*i, 0 = -2*t - 4*i + 2*i + 10. What is the tens digit of 124 - (1 + t + -4)?
2
Let k = 218 + -19. What is the hundreds digit of k?
1
Let t = -22 - -22. Suppose t = -3*y + 30 - 84. Let f = y + 27. What is the units digit of f?
9
Let x(n) = 9*n + 16. Let m be x(-2). What is the hundreds digit of 824/4 + (m - 3)?
2
Let m(v) = 4*v**2 + 0*v**3 - 4*v + 2 + v**3 - 2*v**3 + 2*v**3. Let i be m(-5). What is the tens digit of i/(-2)*84/9?
1
Let i be -3 + (-4 - -120)/4. Suppose -50 = -3*l - 2*t, -4*t = -2*l - 9*t + i. What is the units digit of l?
8
Let j = 11 - 8. Suppose -3*n = -9 - j. What is the units digit of n?
4
Suppose 30 = z + 3*y, -2*z + 2*y = -2*y - 30. Let c(o) = 2*o + 10. What is the tens digit of c(z)?
5
Let i(o) be the third derivative of o**4/8 - 7*o**3/6 + 3*o**2. Let f be i(6). Let c = -9 + f. What is the units digit of c?
2
Let f(k) = -3*k - 53. Let j be f(-19). Suppose 2*h - j*m - 162 = m, 4*h + m - 368 = 0. What is the units digit of h?
1
Let g(u) = u**3 - u**2 + u - 10. Let p be g(0). Let v(x) = -7*x**2 - 8 - x**3 - 24*x + 10*x - 4*x**2. What is the tens digit of v(p)?
3
Suppose x + z + 12 = -4*z, -6 = -3*x - z. Let c = -17 + 22. Suppose c*v - 46 = x*v. What is the tens digit of v?
2
Let l = 18 - 10. Let r = l - -3. Suppose 7 + 16 = 4*s + i, -2*s - r = 5*i. What is the units digit of s?
7
Let w(r) = -5*r**2 - 1 - 11 - 3*r + 4*r**2. Let t be w(-5). Let i = t + 58. What is the units digit of i?
6
Let f(g) = -7*g - 2. Let l be f(4). What is the units digit of ((-2)/20)/(3/l)?
1
Let d(a) = -4*a**3 - a**2 + 6*a - 6. Let v(x) = 7*x**3 + 2*x**2 - 12*x + 12. Let i(m) = 5*d(m) + 3*v(m). Suppose 4*p = -3 + 15. What is the tens digit of i(p)?
2
Let z = -4 - -42. Let h = z + -16. What is the units digit of h?
2
Suppose 3*l + 65 - 272 = -5*k, 0 = -4*k. Let b = l + -42. Suppose b - 3 = s. What is the units digit of s?
4
Suppose 16 = 4*g - 4*f, -g - 14 = 3*f + 2. Let u = 3 - g. Suppose -u*h - 51 + 151 = 0. What is the tens digit of h?
2
Suppose -5*g = -0*g. Suppose -4*v + 18 + 6 = g. What is the units digit of v?
6
Let n(v) = -109*v - 31. What is the units digit of n(-3)?
6
Suppose -176036 = -35*j - 14791. What is the hundreds digit of j?
6
Let j(v) be the second derivative of v**7/420 - v**5/120 + 5*v**4/6 + 6*v. Let h(k) be the third derivative of j(k). What is the tens digit of h(3)?
5
Let f = 50 + 1114. What is the units digit of f?
4
Suppose -16*r - 1678 = -w - 19*r, 2*w + 5*r - 3361 = 0. What is the units digit of w?
3
Let b(o) = o**2 - 9*o - 5. Let l be b(14). Let k = -21 + l. Let p = k + 14. What is the units digit of p?
8
What is the units digit of 686/1 + 30/5?
2
Let w = 25 - 25. Let u be 3/3*(-6 + w). What is the tens digit of 40/u*(-189)/18?
7
Suppose 0 = -107*p - 115224 + 471962. What is the units digit of p?
4
Suppose 0 = 12*q - 16*q + 12. Suppose 2*l + 164 = 3*h, -221 = -4*h + 2*l + q*l. What is the units digit of h?
4
Let o be 1/2 - 27/(-18). Suppose 4*x - 2*u = 2*x + 124, -149 = -o*x - 3*u. What is the units digit of x?
7
Let g(d) = 61*d - 692. What is the hundreds digit of g(17)?
3
Suppose -t = -5*o + 557, 0*o + 115 = o - 2*t. Suppose -5*s + 5*g + 121 = -s, -4*s + 3*g + o = 0. What is the tens digit of s?
2
Let z(d) = d**3 + 15*d**2 + 20*d - 12. What is the tens digit of z(-9)?
9
Let p(c) = -2*c - 3. Let n be p(-4). Suppose 49 = n*r - 3*x, -r = 3*r + 4*x - 20. Let f = 9 - r. What is the units digit of f?
1
Suppose -3*i = -1 - 41. Suppose 20*a - 22*a + i = 0. Suppose -3*v = 5*f - 136, -a*v + 237 = -2*v - 2*f. What is the tens digit of v?
4
Let q(m) = 8*m - 42*m**2 + 1 + 81*m**2 - 35*m**2. What is the hundreds digit of q(-7)?
1
Let k(n) = n**2 + 16*n + 4. Let m(a) = -a**2 + 2*a + 9. Let f be m(0). Let z(s) = -s - 8. Let v be z(f). What is the tens digit of k(v)?
2
Let a(j) = 4*j**2 + 14*j + 2. What is the hundreds digit of a(-8)?
1
Let x(t) = t**2 - 8*t + 7. Let b be x(7). Let o = b + 12. Suppose 3*y - j - 81 = 0, 0 = -3*j - 3 + o. What is the units digit of y?
8
Let v be (24/(-36))/(2 + (-85)/42). What is the units digit of (((-9)/6)/(-1))/(2/v)?
1
Let r(h) be the third derivative of 1/2*h**3 - 1/8*h**4 + 0 + 1/12*h**5 + 3*h**2 + 0*h. What is the units digit of r(2)?
7
Let j = 343 + -320. What is the units digit of j?
3
Suppose 4*t = 7*t. Suppose t = -4*d, 3*k - 3*d = -0 + 6. Suppose 232 = 4*a + q, -k*q = -2*a - 0*q + 106. What is the units digit of a?
7
Let r = 46 + -145. Let h = -53 - r. What is the units digit of h?
6
Let d(i) = 2*i**2 - 28*i + 2. Suppose 7*p = 6*p + 17. What is the hundreds digit of d(p)?
1
Suppose -2*b = 4*s - 252, 6*s - 5*b = s + 345. What is the tens digit of 2/(-10) + 2158/s?
3
Let x(t) = -t**2 + 3*t + 19. Let z(p) = 4*p**2 - 8*p - 57. Let q(k) = 7*x(k) + 2*z(k). What is the units digit of q(6)?
5
Let x be (2/4)/((-4)/168). Let b = x - -30. What is the units digit of b?
9
Let g(t) = -34*t**3 + 5*t**2 + 2*t + 3. What is the tens digit of g(-2)?
9
Let r(j) = -110*j**3 + j**2 + j + 1. Let d be r(-1). Let m = d + -50. What is the units digit of m?
1
Let a be 3 + (-4)/(-8)*-2. Suppose n - a*j + 44 = 0, 0 = -2*j + 3 + 1. Let b = 78 + n. What is the units digit of b?
8
Let y = -16 - -29. Let h(c) = c - 19. Let x be h(y). Let g = x + 36. What is the tens d